ue
Is 115361 a composite number?
False
Is 11263 a composite number?
True
Is 32819 a composite number?
True
Is 777373 a composite number?
False
Is 1633771 composite?
True
Is 579427 prime?
True
Is 24151 prime?
True
Is 789611 prime?
True
Is 844043 prime?
True
Is 5833 composite?
True
Is 45053 a composite number?
False
Is 9491 prime?
True
Is 44391 prime?
False
Is 4759 a composite number?
False
Is 4285 a prime number?
False
Is 83689 prime?
True
Is 239261 a composite number?
True
Is 4907 composite?
True
Is 4187 prime?
False
Is 38039 a composite number?
False
Is 303757 prime?
False
Is 270953 a prime number?
True
Is 10781 a prime number?
True
Is 743329 composite?
True
Is 304021 a prime number?
True
Is 335 prime?
False
Is 9277 a prime number?
True
Is 95383 prime?
True
Is 44337 prime?
False
Is 59821 a prime number?
False
Is 6449 composite?
False
Is 267091 a composite number?
True
Is 5737 a prime number?
True
Is 587 a composite number?
False
Is 1053179 a prime number?
True
Is 30161 a prime number?
True
Is 613841 a prime number?
True
Is 25073 composite?
False
Is 72809 a composite number?
True
Is 402691 a composite number?
False
Is 167 prime?
True
Is 149297 composite?
False
Is 7571 a composite number?
True
Is 632557 a composite number?
False
Is 138017 composite?
True
Is 32401 composite?
False
Is 1088209 a composite number?
False
Is 19387 a prime number?
True
Is 213703 composite?
True
Is 184607 prime?
True
Is 239833 a prime number?
False
Is 194757 composite?
True
Is 1680313 composite?
False
Is 42589 composite?
False
Is 11688067 prime?
True
Is 233113 composite?
False
Is 499147 a prime number?
False
Is 4385 composite?
True
Is 23719 a prime number?
True
Is 173177 a composite number?
False
Is 88309 composite?
True
Is 5045 composite?
True
Is 838807 prime?
True
Is 14519 composite?
False
Is 31379 prime?
True
Is 33659 prime?
False
Is 90049 a composite number?
True
Is 120245 a prime number?
False
Is 70491 a composite number?
True
Is 36953 a prime number?
False
Is 16183 a prime number?
True
Is 137771 a composite number?
False
Is 96623 prime?
False
Is 103009 prime?
False
Is 20143 a composite number?
False
Is 6751 composite?
True
Is 1223 a prime number?
True
Is 7093 a composite number?
True
Is 5981 prime?
True
Is 24343 prime?
False
Is 307 a composite number?
False
Is 840669 prime?
False
Is 6941 a prime number?
False
Is 1657 a prime number?
True
Is 992135 a composite number?
True
Is 15014 composite?
True
Is 9677 a composite number?
False
Is 102761 composite?
False
Is 49613 composite?
False
Is 518039 a prime number?
False
Is 57415 composite?
True
Is 153557 a composite number?
False
Is 6881 prime?
False
Is 339239 a composite number?
False
Is 18301 a prime number?
True
Is 38938 prime?
False
Is 186097 a composite number?
False
Is 25703 a prime number?
True
Is 3943 a composite number?
False
Is 14813 prime?
True
Is 279311 composite?
False
Is 296627 composite?
False
Is 951369 a prime number?
False
Is 34913 a prime number?
True
Is 692993 a composite number?
True
Is 110009 composite?
True
Is 6893 a composite number?
True
Is 442583 composite?
True
Is 9941407 a prime number?
False
Is 6737 prime?
True
Is 289927 prime?
False
Is 16441 prime?
False
Is 1290257 prime?
True
Is 20873 a prime number?
True
Is 127483 a composite number?
True
Is 1637 composite?
False
Is 48381 prime?
False
Is 14311 prime?
False
Is 2179 composite?
False
Is 1777 composite?
False
Is 31579 a prime number?
False
Is 1601953 a composite number?
False
Is 214577 a composite number?
True
Is 5579 a composite number?
True
Is 176599 prime?
True
Is 134867 a composite number?
False
Is 73649 prime?
False
Is 1134071 composite?
False
Is 1764977 a prime number?
True
Is 519619 prime?
True
Is 4829 composite?
True
Is 6490813 composite?
True
Is 7609 a composite number?
True
Is 359 prime?
True
Is 119897 a composite number?
True
Is 368457 a prime number?
False
Is 5469 a prime number?
False
Is 20563 prime?
True
Is 113417 prime?
True
Is 195023 a composite number?
False
Is 13829 prime?
True
Is 915367 a prime number?
True
Is 290803 composite?
False
Is 35023 composite?
False
Is 14401 composite?
False
Is 224669 prime?
True
Is 43387 a composite number?
True
Is 19813 composite?
False
Is 6337 a composite number?
False
Is 57163 a prime number?
True
Is 15 a prime number?
False
Is 1102199 prime?
False
Is 86743 a prime number?
True
Is 90941 a prime number?
False
Is 539767 a prime number?
False
Is 28349 a composite number?
False
Is 69959 composite?
False
Is 24053 a composite number?
True
Is 10495 a prime number?
False
Is 113557 composite?
False
Is 177729 composite?
True
Is 444271 a composite number?
False
Is 3205 prime?
False
Is 51229 a prime number?
True
Is 300719 prime?
True
Is 346565 a prime number?
False
Is 247991 a prime number?
True
Is 10909 a composite number?
False
Is 282341 a prime number?
False
Is 220291 a prime number?
True
Is 34205 a composite number?
True
Is 38539 composite?
True
Is 33287 a composite number?
False
Is 286661 composite?
True
Is 285863 composite?
True
Is 6541 a prime number?
False
Is 3863 a composite number?
False
Is 212647 a prime number?
False
Is 377197 composite?
False
Is 9469 prime?
False
Is 24949 a composite number?
True
Is 36221 a composite number?
True
Is 630101 a composite number?
False
Is 9059 prime?
True
Is 200483 composite?
False
Is 1173157 a prime number?
True
Is 98247 a composite number?
True
Is 1410355 a composite number?
True
Is 62459 a composite number?
False
Is 231141 a composite number?
True
Is 2287817 a prime number?
False
Is 355595 a composite number?
True
Is 242129 prime?
True
Is 2585931 prime?
False
Is 132887 composite?
False
Is 677 composite?
False
Is 41437 prime?
False
Is 5897 a composite number?
False
Is 216857 a composite number?
True
Is 54507 a composite number?
True
Is 859447 composite?
False
Is 161683 composite?
False
Is 406855 a composite number?
True
Is 242407 a prime number?
False
Is 5381 a composite number?
False
Is 2855843 a prime number?
True
Is 120353 prime?
False
Is 20741 a composite number?
True
Is 234007 prime?
True
Is 28151 a prime number?
True
Is 86061 a composite number?
True
Is 2371 a prime number?
True
Is 23857 prime?
True
Is 75419 a composite number?
True
Is 273323 a prime number?
True
Is 118067 a composite number?
True
Is 4621 a prime number?
True
Is 8441 composite?
True
Is 32353 composite?
False
Is 1110107 a prime number?
False
Is 107611 composite?
True
Is 41269 composite?
False
Is 60178 prime?
False
Is 2413 a composite number?
True
Is 14081 composite?
False
Is 64231 composite?
False
Is 2226089 a composite number?
False
Is 29957 a prime number?
False
Is 60506 a composite number?
True
Is 43667 prime?
False
Is 47737 composite?
False
Is 852079 prime?
True
Is 33547 a prime number?
True
Is 175943 prime?
False
Is 15427 a composite number?
False
Is 60953 composite?
False
Is 12187 a composite number?
True
Is 7903 a composite number?
True
Is 52879 a composite number?
False
Is 351123 composite?
True
Is 24611 composite?
False
Is 5692801 a composite number?
False
Is 2813 composite?
True
Is 472921 a prime number?
True
Is 8635967 composite?
False
Is 87443 prime?
True
Is 8741 prime?
True
Is 1555489 a composite number?
True
Is 15997 prime?
False
Is 17623 a prime number?
True
Is 14401 a composite number?
False
Is 2053 a composite number?
False
Is 75833 a composite number?
False
Is 226157 a composite number?
True
Is 7183 composite?
True
Is 35611 composite?
True
Is 218129 a composite number?
True
Is 16271 a prime number?
False
Is 17647 a prime number?
False
Is 4861 a composite number?
False
Is 14689 a prime number?
False
Is 495877 a prime number?
True
Is 16249 composite?
False
Is 29983 composite?
False
Is 1361 composite?
False
Is 67169 prime?
True
Is 9109 a composite number?
False
Is 21149 prime?
True
Is 1847 prime?
True
Is 295753 composite?
True
Is 174443 composite?
False
Is 13495 composite?
True
Is 15143 composite?
True
Is 62969 composite?
False
Is 249266 a composite number?
True
Is 1973 a composite number?
False
Is 899291 a prime number?
True
Is 28073 a prime number?
False
Is 8263 prime?
True
Is 15193 a composite number?
False
Is 4987 composite?
False
Is 21349 a composite number?
True
Is 70877 a prime number?
True
Is 104771 a composite number?
True
Is 4668503 prime?
False
Is 32641 a comp